{"id":8,"date":"2015-06-08T21:05:34","date_gmt":"2015-06-08T21:05:34","guid":{"rendered":"https:\/\/eduardoyestefania.com\/?page_id=8"},"modified":"2015-06-15T09:07:42","modified_gmt":"2015-06-15T09:07:42","slug":"estefania","status":"publish","type":"page","link":"https:\/\/eduardoyestefania.com\/?page_id=8","title":{"rendered":"La Novia"},"content":{"rendered":"<h3>ESTEFAN\u00cdA ARENCIBIA MEDINA<\/h3>\n<p>Despu\u00e9s de muchos a\u00f1os de f\u00e9liz relaci\u00f3n, mi Edu me sorprendi\u00f3 pidiendome matrim\u00f3nio en un lugar m\u00e1gico, Disneyland Par\u00eds&#8230;ahora llega ese momento tan esperado&#8230;\u00a1Nos casamos!<\/p>\n<p>Si est\u00e1s recibiendo esta invitaci\u00f3n es que espero verte en este d\u00eda tan especial para nosotros, pero por si no me conoces muy bien, me gustar\u00eda poder presentarme un poquito.<\/p>\n<p>Mi nombre es Estefan\u00eda, natural de Telde, con una familia maravillosa, mis padres Estrella y Juan Ferm\u00edn y mis dos hermanos Anatel y Cirenia. Adem\u00e1s de ellos no puede faltan mi amplia familia, mis cu\u00f1ados,y mis amigos, todos ellos que me hacen una persona m\u00e1s feliz y completa.<\/p>\n<p>Mi vocaci\u00f3n y profesi\u00f3n siempre ha sido el Derecho, desde hace tiempo comparto mi vida profesional, como Procuradora, con mi padre.<\/p>\n<p>Ahora Edu y yo hemos decidido vivir en un lugar fant\u00e1stico, Valsequillo, donde hemos adoptado un perrito que nos tiene loquitos, Logan.<\/p>\n<h3>C\u00f3mo conoc\u00ed a Eduardo<\/h3>\n<p><iframe loading=\"lazy\" src=\"\/\/e.issuu.com\/embed.html#1880321\/13518448\" width=\"525\" height=\"321\" frameborder=\"0\" allowfullscreen=\"allowfullscreen\"><\/iframe><\/p>\n","protected":false},"excerpt":{"rendered":"<p>ESTEFAN\u00cdA ARENCIBIA MEDINA Despu\u00e9s de muchos a\u00f1os de f\u00e9liz relaci\u00f3n, mi Edu me sorprendi\u00f3 pidiendome matrim\u00f3nio en un lugar m\u00e1gico, Disneyland Par\u00eds&#8230;ahora llega ese momento tan esperado&#8230;\u00a1Nos casamos! Si est\u00e1s [&hellip;]<\/p>\n","protected":false},"author":1,"featured_media":0,"parent":0,"menu_order":0,"comment_status":"closed","ping_status":"open","template":"","meta":{"footnotes":""},"class_list":["post-8","page","type-page","status-publish","hentry"],"_links":{"self":[{"href":"https:\/\/eduardoyestefania.com\/index.php?rest_route=\/wp\/v2\/pages\/8","targetHints":{"allow":["GET"]}}],"collection":[{"href":"https:\/\/eduardoyestefania.com\/index.php?rest_route=\/wp\/v2\/pages"}],"about":[{"href":"https:\/\/eduardoyestefania.com\/index.php?rest_route=\/wp\/v2\/types\/page"}],"author":[{"embeddable":true,"href":"https:\/\/eduardoyestefania.com\/index.php?rest_route=\/wp\/v2\/users\/1"}],"replies":[{"embeddable":true,"href":"https:\/\/eduardoyestefania.com\/index.php?rest_route=%2Fwp%2Fv2%2Fcomments&post=8"}],"version-history":[{"count":6,"href":"https:\/\/eduardoyestefania.com\/index.php?rest_route=\/wp\/v2\/pages\/8\/revisions"}],"predecessor-version":[{"id":190,"href":"https:\/\/eduardoyestefania.com\/index.php?rest_route=\/wp\/v2\/pages\/8\/revisions\/190"}],"wp:attachment":[{"href":"https:\/\/eduardoyestefania.com\/index.php?rest_route=%2Fwp%2Fv2%2Fmedia&parent=8"}],"curies":[{"name":"wp","href":"https:\/\/api.w.org\/{rel}","templated":true}]}}

<h3>ESTEFANÍA ARENCIBIA MEDINA</h3>
<p>Después de muchos años de féliz relación, mi Edu me sorprendió pidiendome matrimónio en un lugar mágico, Disneyland París&#8230;ahora llega ese momento tan esperado&#8230;¡Nos casamos!</p>
<p>Si estás recibiendo esta invitación es que espero verte en este día tan especial para nosotros, pero por si no me conoces muy bien, me gustaría poder presentarme un poquito.</p>
<p>Mi nombre es Estefanía, natural de Telde, con una familia maravillosa, mis padres Estrella y Juan Fermín y mis dos hermanos Anatel y Cirenia. Además de ellos no puede faltan mi amplia familia, mis cuñados,y mis amigos, todos ellos que me hacen una persona más feliz y completa.</p>
<p>Mi vocación y profesión siempre ha sido el Derecho, desde hace tiempo comparto mi vida profesional, como Procuradora, con mi padre.</p>
<p>Ahora Edu y yo hemos decidido vivir en un lugar fantástico, Valsequillo, donde hemos adoptado un perrito que nos tiene loquitos, Logan.</p>
<h3>Cómo conocí a Eduardo</h3>
<p><iframe loading="lazy" src="//e.issuu.com/embed.html#1880321/13518448" width="525" height="321" frameborder="0" allowfullscreen="allowfullscreen"></iframe></p>

<p>ESTEFANÍA ARENCIBIA MEDINA Después de muchos años de féliz relación, mi Edu me sorprendió pidiendome matrimónio en un lugar mágico, Disneyland París&#8230;ahora llega ese momento tan esperado&#8230;¡Nos casamos! Si estás [&hellip;]</p>
