{"id":6,"date":"2015-06-08T21:05:20","date_gmt":"2015-06-08T21:05:20","guid":{"rendered":"https:\/\/eduardoyestefania.com\/?page_id=6"},"modified":"2015-06-15T09:07:42","modified_gmt":"2015-06-15T09:07:42","slug":"eduardo","status":"publish","type":"page","link":"https:\/\/eduardoyestefania.com\/?page_id=6","title":{"rendered":"El Novio"},"content":{"rendered":"<h3>EDUARDO GARC\u00cdA CALDER\u00cdN<\/h3>\n<p>Para los que no me conozcan mi nombre es Edu, creativo e ilustrador de profesi\u00f3n.<\/p>\n<p>Desde ni\u00f1o mi gran pasi\u00f3n ha sido el mundo del c\u00f3mic, pero tambi\u00e9n tengo otros \u201chobbies\u201d como los coches, los videojuegos, la m\u00fasica y por supuesto las artes pl\u00e1sticas.<\/p>\n<p>A mis 32 a\u00f1os tengo la suerte de poder dedicarme a lo que siempre me ha gustado, que es ser profesional del dibujo.<\/p>\n<p>Me siento muy orgulloso de mi familia, mis padres Paco y Maricarmen, mi hermana Ver\u00f3nica, y nuestro peque\u00f1o perro Snoopy. Adem\u00e1s tengo una gran familia a la que quiero much\u00edsimo y cuento con unos amigos incre\u00edbles son como si fueran parte de ella.<\/p>\n<p>Despu\u00e9s de m\u00e1s de 9 a\u00f1os de relaci\u00f3n, Estefan\u00eda y yo hemos decidido que ha llegado el momento de casarnos y formar nuestra propia familia&#8230;de momento hemos empezado adoptando a un perrito \ud83d\ude42<\/p>\n<h3>C\u00f3mo conoc\u00ed a Estefan\u00eda<\/h3>\n<p><iframe loading=\"lazy\" src=\"\/\/e.issuu.com\/embed.html#1880321\/13518429\" width=\"525\" height=\"321\" frameborder=\"0\" allowfullscreen=\"allowfullscreen\"><\/iframe><\/p>\n","protected":false},"excerpt":{"rendered":"<p>EDUARDO GARC\u00cdA CALDER\u00cdN Para los que no me conozcan mi nombre es Edu, creativo e ilustrador de profesi\u00f3n. Desde ni\u00f1o mi gran pasi\u00f3n ha sido el mundo del c\u00f3mic, pero [&hellip;]<\/p>\n","protected":false},"author":1,"featured_media":0,"parent":0,"menu_order":0,"comment_status":"closed","ping_status":"open","template":"","meta":{"footnotes":""},"class_list":["post-6","page","type-page","status-publish","hentry"],"_links":{"self":[{"href":"https:\/\/eduardoyestefania.com\/index.php?rest_route=\/wp\/v2\/pages\/6","targetHints":{"allow":["GET"]}}],"collection":[{"href":"https:\/\/eduardoyestefania.com\/index.php?rest_route=\/wp\/v2\/pages"}],"about":[{"href":"https:\/\/eduardoyestefania.com\/index.php?rest_route=\/wp\/v2\/types\/page"}],"author":[{"embeddable":true,"href":"https:\/\/eduardoyestefania.com\/index.php?rest_route=\/wp\/v2\/users\/1"}],"replies":[{"embeddable":true,"href":"https:\/\/eduardoyestefania.com\/index.php?rest_route=%2Fwp%2Fv2%2Fcomments&post=6"}],"version-history":[{"count":5,"href":"https:\/\/eduardoyestefania.com\/index.php?rest_route=\/wp\/v2\/pages\/6\/revisions"}],"predecessor-version":[{"id":188,"href":"https:\/\/eduardoyestefania.com\/index.php?rest_route=\/wp\/v2\/pages\/6\/revisions\/188"}],"wp:attachment":[{"href":"https:\/\/eduardoyestefania.com\/index.php?rest_route=%2Fwp%2Fv2%2Fmedia&parent=6"}],"curies":[{"name":"wp","href":"https:\/\/api.w.org\/{rel}","templated":true}]}}

<h3>EDUARDO GARCÍA CALDERÍN</h3>
<p>Para los que no me conozcan mi nombre es Edu, creativo e ilustrador de profesión.</p>
<p>Desde niño mi gran pasión ha sido el mundo del cómic, pero también tengo otros “hobbies” como los coches, los videojuegos, la música y por supuesto las artes plásticas.</p>
<p>A mis 32 años tengo la suerte de poder dedicarme a lo que siempre me ha gustado, que es ser profesional del dibujo.</p>
<p>Me siento muy orgulloso de mi familia, mis padres Paco y Maricarmen, mi hermana Verónica, y nuestro pequeño perro Snoopy. Además tengo una gran familia a la que quiero muchísimo y cuento con unos amigos increíbles son como si fueran parte de ella.</p>
<p>Después de más de 9 años de relación, Estefanía y yo hemos decidido que ha llegado el momento de casarnos y formar nuestra propia familia&#8230;de momento hemos empezado adoptando a un perrito 🙂</p>
<h3>Cómo conocí a Estefanía</h3>
<p><iframe loading="lazy" src="//e.issuu.com/embed.html#1880321/13518429" width="525" height="321" frameborder="0" allowfullscreen="allowfullscreen"></iframe></p>

<p>EDUARDO GARCÍA CALDERÍN Para los que no me conozcan mi nombre es Edu, creativo e ilustrador de profesión. Desde niño mi gran pasión ha sido el mundo del cómic, pero [&hellip;]</p>
