{"id":56,"date":"2015-06-08T22:04:26","date_gmt":"2015-06-08T22:04:26","guid":{"rendered":"https:\/\/eduardoyestefania.com\/?page_id=56"},"modified":"2015-07-14T18:28:10","modified_gmt":"2015-07-14T18:28:10","slug":"estamos-de-boda","status":"publish","type":"page","link":"https:\/\/eduardoyestefania.com\/?page_id=56","title":{"rendered":"Nos casamos \/ Invitaci\u00f3n"},"content":{"rendered":"<h3>EDUARDO &amp; ESTEFAN\u00cdA &gt; 08\/08\/15<\/h3>\n<p>Queremos invitarte a nuestro enlace, que se celebrar\u00e1 el pr\u00f3ximo d\u00eda 8 de agosto de 2015 a las 12.00 horas, en la Bas\u00edlica de San Juan Bautista, Telde.<\/p>\n<p>Posteriormente tendremos el placer de compartir con ustedes un c\u00f3ctel en la maravillosa Casa Leacock, la Minilla.<\/p>\n<p>Si estas invitado a nuestra boda debe ser porque seguramente ya nos conoces a los 2, pero&#8230;\u00bfsabes como nos conocimos?&#8230;\u00a1Desc\u00fabrelo desde el punto de vista de cada uno!<\/p>\n<h3>C\u00f3mo Eduardo conoci\u00f3 a Estefan\u00eda<\/h3>\n<p><iframe loading=\"lazy\" src=\"\/\/e.issuu.com\/embed.html#1880321\/13518429\" width=\"525\" height=\"321\" frameborder=\"0\" allowfullscreen=\"allowfullscreen\"><\/iframe><\/p>\n<h3>C\u00f3mo Estefan\u00eda conoci\u00f3 a Eduardo<\/h3>\n<p><iframe loading=\"lazy\" src=\"\/\/e.issuu.com\/embed.html#1880321\/13518448\" width=\"525\" height=\"321\" frameborder=\"0\" allowfullscreen=\"allowfullscreen\"><\/iframe><\/p>\n<hr \/>\n<h3>NOS VAMOS DE VIAJE<\/h3>\n<p>Lo habitual es una lista de boda, pero despues de m\u00e1s de 9 a\u00f1os juntos nos faltan muy pocas cosas para el hogar\u2026as\u00ed que te proponemos que nos ayudes a hacer el viaje de nuestras vidas antes de que nos aventuremos a formar una FAMILIA \u201ccon may\u00fasculas\u201d. As\u00ed que de la hucha depende que demos \u201cuna vuelta\u201d o la vuelta al mundo como el bueno de Willy Fog \ud83d\ude42<\/p>\n<h3>N\u00ba de CUENTA: 0182-3467-46-0201568226 <em>de BBVA<\/em><\/h3>\n<h3>IBAN: ES84 0182 3467 4602 0156 8226 <em><strong>de BBVA<\/strong><\/em><\/h3>\n","protected":false},"excerpt":{"rendered":"<p>EDUARDO &amp; ESTEFAN\u00cdA &gt; 08\/08\/15 Queremos invitarte a nuestro enlace, que se celebrar\u00e1 el pr\u00f3ximo d\u00eda 8 de agosto de 2015 a las 12.00 horas, en la Bas\u00edlica de San [&hellip;]<\/p>\n","protected":false},"author":1,"featured_media":0,"parent":0,"menu_order":0,"comment_status":"closed","ping_status":"closed","template":"","meta":{"footnotes":""},"class_list":["post-56","page","type-page","status-publish","hentry"],"_links":{"self":[{"href":"https:\/\/eduardoyestefania.com\/index.php?rest_route=\/wp\/v2\/pages\/56","targetHints":{"allow":["GET"]}}],"collection":[{"href":"https:\/\/eduardoyestefania.com\/index.php?rest_route=\/wp\/v2\/pages"}],"about":[{"href":"https:\/\/eduardoyestefania.com\/index.php?rest_route=\/wp\/v2\/types\/page"}],"author":[{"embeddable":true,"href":"https:\/\/eduardoyestefania.com\/index.php?rest_route=\/wp\/v2\/users\/1"}],"replies":[{"embeddable":true,"href":"https:\/\/eduardoyestefania.com\/index.php?rest_route=%2Fwp%2Fv2%2Fcomments&post=56"}],"version-history":[{"count":9,"href":"https:\/\/eduardoyestefania.com\/index.php?rest_route=\/wp\/v2\/pages\/56\/revisions"}],"predecessor-version":[{"id":202,"href":"https:\/\/eduardoyestefania.com\/index.php?rest_route=\/wp\/v2\/pages\/56\/revisions\/202"}],"wp:attachment":[{"href":"https:\/\/eduardoyestefania.com\/index.php?rest_route=%2Fwp%2Fv2%2Fmedia&parent=56"}],"curies":[{"name":"wp","href":"https:\/\/api.w.org\/{rel}","templated":true}]}}

Nos casamos / Invitación

<h3>EDUARDO &amp; ESTEFANÍA &gt; 08/08/15</h3>
<p>Queremos invitarte a nuestro enlace, que se celebrará el próximo día 8 de agosto de 2015 a las 12.00 horas, en la Basílica de San Juan Bautista, Telde.</p>
<p>Posteriormente tendremos el placer de compartir con ustedes un cóctel en la maravillosa Casa Leacock, la Minilla.</p>
<p>Si estas invitado a nuestra boda debe ser porque seguramente ya nos conoces a los 2, pero&#8230;¿sabes como nos conocimos?&#8230;¡Descúbrelo desde el punto de vista de cada uno!</p>
<h3>Cómo Eduardo conoció a Estefanía</h3>
<p><iframe loading="lazy" src="//e.issuu.com/embed.html#1880321/13518429" width="525" height="321" frameborder="0" allowfullscreen="allowfullscreen"></iframe></p>
<h3>Cómo Estefanía conoció a Eduardo</h3>
<p><iframe loading="lazy" src="//e.issuu.com/embed.html#1880321/13518448" width="525" height="321" frameborder="0" allowfullscreen="allowfullscreen"></iframe></p>
<hr />
<h3>NOS VAMOS DE VIAJE</h3>
<p>Lo habitual es una lista de boda, pero despues de más de 9 años juntos nos faltan muy pocas cosas para el hogar…así que te proponemos que nos ayudes a hacer el viaje de nuestras vidas antes de que nos aventuremos a formar una FAMILIA “con mayúsculas”. Así que de la hucha depende que demos “una vuelta” o la vuelta al mundo como el bueno de Willy Fog 🙂</p>
<h3>Nº de CUENTA: 0182-3467-46-0201568226 <em>de BBVA</em></h3>
<h3>IBAN: ES84 0182 3467 4602 0156 8226 <em><strong>de BBVA</strong></em></h3>

<p>EDUARDO &amp; ESTEFANÍA &gt; 08/08/15 Queremos invitarte a nuestro enlace, que se celebrará el próximo día 8 de agosto de 2015 a las 12.00 horas, en la Basílica de San [&hellip;]</p>
