{"id":30,"date":"2015-06-08T21:09:47","date_gmt":"2015-06-08T21:09:47","guid":{"rendered":"https:\/\/eduardoyestefania.com\/?page_id=30"},"modified":"2015-06-15T09:07:42","modified_gmt":"2015-06-15T09:07:42","slug":"la-ceremonia","status":"publish","type":"page","link":"https:\/\/eduardoyestefania.com\/?page_id=30","title":{"rendered":"La Ceremonia"},"content":{"rendered":"<p>La ceremon\u00eda tendr\u00e1 lugar el pr\u00f3ximo 8 de agosto en la Bas\u00edlica de San Juan de Telde a las 12:00h, sin embargo nos encantar\u00eda verte all\u00ed un poquito antes para que consigas \u201cuna buena butaca\u201d y para que disfrutes de la fant\u00e1stica agrupaci\u00f3n musical que har\u00e1 aun m\u00e1s memorable el que ser\u00e1 uno de los momentos m\u00e1s importantes de nuestras vidas.<\/p>\n<p><iframe loading=\"lazy\" style=\"border: 0;\" src=\"https:\/\/www.google.com\/maps\/embed?pb=!1m18!1m12!1m3!1d3522.6938679938507!2d-15.413818000000003!3d28.003261!2m3!1f0!2f0!3f0!3m2!1i1024!2i768!4f13.1!3m3!1m2!1s0xc4097e7436c44dd%3A0x9ca06cc916cf9719!2sBas%C3%ADlica+de+San+Juan+Bautista!5e0!3m2!1ses!2ses!4v1433987668971\" width=\"600\" height=\"450\" frameborder=\"0\"><\/iframe><\/p>\n","protected":false},"excerpt":{"rendered":"<p>La ceremon\u00eda tendr\u00e1 lugar el pr\u00f3ximo 8 de agosto en la Bas\u00edlica de San Juan de Telde a las 12:00h, sin embargo nos encantar\u00eda verte all\u00ed un poquito antes para [&hellip;]<\/p>\n","protected":false},"author":1,"featured_media":0,"parent":0,"menu_order":0,"comment_status":"closed","ping_status":"closed","template":"","meta":{"footnotes":""},"class_list":["post-30","page","type-page","status-publish","hentry"],"_links":{"self":[{"href":"https:\/\/eduardoyestefania.com\/index.php?rest_route=\/wp\/v2\/pages\/30","targetHints":{"allow":["GET"]}}],"collection":[{"href":"https:\/\/eduardoyestefania.com\/index.php?rest_route=\/wp\/v2\/pages"}],"about":[{"href":"https:\/\/eduardoyestefania.com\/index.php?rest_route=\/wp\/v2\/types\/page"}],"author":[{"embeddable":true,"href":"https:\/\/eduardoyestefania.com\/index.php?rest_route=\/wp\/v2\/users\/1"}],"replies":[{"embeddable":true,"href":"https:\/\/eduardoyestefania.com\/index.php?rest_route=%2Fwp%2Fv2%2Fcomments&post=30"}],"version-history":[{"count":4,"href":"https:\/\/eduardoyestefania.com\/index.php?rest_route=\/wp\/v2\/pages\/30\/revisions"}],"predecessor-version":[{"id":120,"href":"https:\/\/eduardoyestefania.com\/index.php?rest_route=\/wp\/v2\/pages\/30\/revisions\/120"}],"wp:attachment":[{"href":"https:\/\/eduardoyestefania.com\/index.php?rest_route=%2Fwp%2Fv2%2Fmedia&parent=30"}],"curies":[{"name":"wp","href":"https:\/\/api.w.org\/{rel}","templated":true}]}}

<p>La ceremonía tendrá lugar el próximo 8 de agosto en la Basílica de San Juan de Telde a las 12:00h, sin embargo nos encantaría verte allí un poquito antes para que consigas “una buena butaca” y para que disfrutes de la fantástica agrupación musical que hará aun más memorable el que será uno de los momentos más importantes de nuestras vidas.</p>
<p><iframe loading="lazy" style="border: 0;" src="https://www.google.com/maps/embed?pb=!1m18!1m12!1m3!1d3522.6938679938507!2d-15.413818000000003!3d28.003261!2m3!1f0!2f0!3f0!3m2!1i1024!2i768!4f13.1!3m3!1m2!1s0xc4097e7436c44dd%3A0x9ca06cc916cf9719!2sBas%C3%ADlica+de+San+Juan+Bautista!5e0!3m2!1ses!2ses!4v1433987668971" width="600" height="450" frameborder="0"></iframe></p>

<p>La ceremonía tendrá lugar el próximo 8 de agosto en la Basílica de San Juan de Telde a las 12:00h, sin embargo nos encantaría verte allí un poquito antes para [&hellip;]</p>
