{"id":19,"date":"2015-06-08T21:06:57","date_gmt":"2015-06-08T21:06:57","guid":{"rendered":"https:\/\/eduardoyestefania.com\/?page_id=19"},"modified":"2015-06-15T09:07:42","modified_gmt":"2015-06-15T09:07:42","slug":"la-pareja","status":"publish","type":"page","link":"https:\/\/eduardoyestefania.com\/?page_id=19","title":{"rendered":"La Pareja"},"content":{"rendered":"<p>Queremos invitarte a nuestro enlace, que se celebrar\u00e1 el pr\u00f3ximo d\u00eda 8 de agosto de 2015 a las 12.00 horas, en la Bas\u00edlica de San Juan Bautista, Telde.<\/p>\n<p>Posteriormente tendremos el placer de compartir con ustedes un c\u00f3ctel en la maravillosa Casa Leacock, la Minilla.<\/p>\n<p>Si estas invitado a nuestra boda debe ser porque seguramente ya nos conoces a los 2, pero&#8230;\u00bfsabes como nos conocimos?&#8230;\u00a1Desc\u00fabrelo desde el punto de vista de cada uno!<\/p>\n<h3>C\u00f3mo Eduardo conoci\u00f3 a Estefan\u00eda<\/h3>\n<p><iframe loading=\"lazy\" src=\"\/\/e.issuu.com\/embed.html#1880321\/13518429\" width=\"525\" height=\"321\" frameborder=\"0\" allowfullscreen=\"allowfullscreen\"><\/iframe><\/p>\n<h3>C\u00f3mo Estefan\u00eda conoci\u00f3 a Eduardo<\/h3>\n<p><iframe loading=\"lazy\" src=\"\/\/e.issuu.com\/embed.html#1880321\/13518448\" width=\"525\" height=\"321\" frameborder=\"0\" allowfullscreen=\"allowfullscreen\"><\/iframe><\/p>\n","protected":false},"excerpt":{"rendered":"<p>Queremos invitarte a nuestro enlace, que se celebrar\u00e1 el pr\u00f3ximo d\u00eda 8 de agosto de 2015 a las 12.00 horas, en la Bas\u00edlica de San Juan Bautista, Telde. Posteriormente tendremos [&hellip;]<\/p>\n","protected":false},"author":1,"featured_media":0,"parent":0,"menu_order":0,"comment_status":"closed","ping_status":"open","template":"","meta":{"footnotes":""},"class_list":["post-19","page","type-page","status-publish","hentry"],"_links":{"self":[{"href":"https:\/\/eduardoyestefania.com\/index.php?rest_route=\/wp\/v2\/pages\/19","targetHints":{"allow":["GET"]}}],"collection":[{"href":"https:\/\/eduardoyestefania.com\/index.php?rest_route=\/wp\/v2\/pages"}],"about":[{"href":"https:\/\/eduardoyestefania.com\/index.php?rest_route=\/wp\/v2\/types\/page"}],"author":[{"embeddable":true,"href":"https:\/\/eduardoyestefania.com\/index.php?rest_route=\/wp\/v2\/users\/1"}],"replies":[{"embeddable":true,"href":"https:\/\/eduardoyestefania.com\/index.php?rest_route=%2Fwp%2Fv2%2Fcomments&post=19"}],"version-history":[{"count":4,"href":"https:\/\/eduardoyestefania.com\/index.php?rest_route=\/wp\/v2\/pages\/19\/revisions"}],"predecessor-version":[{"id":185,"href":"https:\/\/eduardoyestefania.com\/index.php?rest_route=\/wp\/v2\/pages\/19\/revisions\/185"}],"wp:attachment":[{"href":"https:\/\/eduardoyestefania.com\/index.php?rest_route=%2Fwp%2Fv2%2Fmedia&parent=19"}],"curies":[{"name":"wp","href":"https:\/\/api.w.org\/{rel}","templated":true}]}}

<p>Queremos invitarte a nuestro enlace, que se celebrará el próximo día 8 de agosto de 2015 a las 12.00 horas, en la Basílica de San Juan Bautista, Telde.</p>
<p>Posteriormente tendremos el placer de compartir con ustedes un cóctel en la maravillosa Casa Leacock, la Minilla.</p>
<p>Si estas invitado a nuestra boda debe ser porque seguramente ya nos conoces a los 2, pero&#8230;¿sabes como nos conocimos?&#8230;¡Descúbrelo desde el punto de vista de cada uno!</p>
<h3>Cómo Eduardo conoció a Estefanía</h3>
<p><iframe loading="lazy" src="//e.issuu.com/embed.html#1880321/13518429" width="525" height="321" frameborder="0" allowfullscreen="allowfullscreen"></iframe></p>
<h3>Cómo Estefanía conoció a Eduardo</h3>
<p><iframe loading="lazy" src="//e.issuu.com/embed.html#1880321/13518448" width="525" height="321" frameborder="0" allowfullscreen="allowfullscreen"></iframe></p>

<p>Queremos invitarte a nuestro enlace, que se celebrará el próximo día 8 de agosto de 2015 a las 12.00 horas, en la Basílica de San Juan Bautista, Telde. Posteriormente tendremos [&hellip;]</p>
